mine k(3).
1
Suppose -17 = 4*b - 5*v, 22 = -2*b + 3*v - 5*v. Let d be 2*((-28)/b - 2). Let l(x) = x**3 - 2*x**2 - 4*x + 4. Calculate l(d).
1
Suppose -5*i + 5*d + 14 = 69, 3*d - 15 = i. Let v(n) = -n**2 - 7*n + 13. Determine v(i).
-5
Let m(g) = -g. Let x be (-2)/9 + (-47)/(-9). Suppose -7 = -5*l + 8. Suppose -28 = 5*s + u, -x*u - 35 = 7*s - l*s. Determine m(s).
5
Let h(y) = y**2 - 11*y + 8. Let m be h(10). Let w(k) = 3*k**2 - 1. Determine w(m).
11
Let g be 0*(-2 - (-6)/4). Let h(i) be the third derivative of i**6/120 - i**5/60 + 2*i**3/3 + 29*i**2. Determine h(g).
4
Let s(j) = -j. Let u(v) be the third derivative of -v**5/60 + v**4/3 + v**3/6 - 4*v**2. Let i(a) = 3*s(a) + u(a). What is i(5)?
1
Let k(g) = -g - 4. Let v be (2 - 1)*(5 - 0). Suppose -4*d + 2*d + 2*w + 14 = 0, -v*d + 4*w = -32. Suppose -d*f = 8, 2 = 3*a + 4*f + f. Give k(a).
-8
Let x(t) = -8*t - t**2 + 2*t**2 - 5 + 12*t. Calculate x(-6).
7
Let q(m) be the third derivative of -m**8/6720 - m**7/840 - m**6/720 + m**5/120 - m**4/6 - 4*m**2. Let x(o) be the second derivative of q(o). Determine x(-2).
-1
Let p(k) = k**3 - 5*k**2 - k - 1. Suppose -3*c + 4*a + 12 = 29, 0 = 4*c - 2*a + 36. Let i = 16 + c. Calculate p(i).
-6
Suppose -5*b = -4 - 6. Let c(w) = w - w**3 - 4*w - 5*w**b - 4 + 0*w**3 + 5. Let v = -5 - -1. Calculate c(v).
-3
Let p(x) be the third derivative of x**5/60 + 11*x**4/24 + x**3/2 + 31*x**2. Give p(-10).
-7
Let a(r) = r**3 + 6*r**2 - 7*r + 5. Let n be (-6)/((-36)/15)*28/(-10). Calculate a(n).
5
Let z(p) = -p**2 - 9*p - 13. Let i be z(-7). Let v(d) = -11*d**3 - 1. Determine v(i).
-12
Let d = -7 - -11. Let n be (-3)/12 - 19/d. Let r(a) = a - 1. Give r(n).
-6
Suppose -7*r = -x - 3*r - 6, -9 = 5*x + r. Let f(v) = -5*v + 1. Calculate f(x).
11
Suppose 26 = -8*r - 14. Let i(b) = -b**2 - 5*b + 5. Determine i(r).
5
Suppose -2*v + 9 = v. Suppose 2*z = v*z - 2. Let a be ((-1)/z)/((-3)/24). Let u(y) = -3*y + 4. Give u(a).
-8
Let a(z) = 2*z**2 + z. Let p be a(-1). Let m(j) = -p + j - 5 - 2*j. Calculate m(-5).
-1
Suppose 18*k - 21*k + 15 = 0. Let y(t) = -t + 4. Determine y(k).
-1
Let m(x) = x**2 - 6*x - 1. Let u = 38 - 31. What is m(u)?
6
Let n = 10 + -7. Let l(g) = g - 4*g**2 + g - 4 + 1 + g**n. Calculate l(3).
-6
Let n(s) = -2*s**2 - 2*s - 1. Let k = -15 - -24. Let t be 3/k*-1*3. Let z be n(t). Let o(d) = -3*d. What is o(z)?
3
Let h(f) = -4*f - 1. Suppose -30 = 35*d - 45*d. Determine h(d).
-13
Let y(v) be the third derivative of 0*v - 3*v**2 + 7/6*v**3 - 1/24*v**4 + 0. Determine y(4).
3
Let l(q) = q**3 - 7*q**2 + 6*q + 6. Let j = 21 + -15. What is l(j)?
6
Let b(z) be the second derivative of z**5/20 + 2*z**4/3 + 7*z**3/6 + 5*z**2 - z. Let n be b(-7). Suppose 4*d - 2*d + n = 0. Let x(k) = 2*k + 5. Determine x(d).
-5
Let t(m) = m**2 - 2*m - 3. Let c(q) = q**2 - 9*q - 7. Let v(x) = -2*x**2 + 28*x + 20. Let n(r) = -7*c(r) - 2*v(r). Let h(o) = -6*n(o) - 17*t(o). Calculate h(6).
-15
Let o(y) = -y - 4. Suppose -3*n + 6*n - 1 = 5*m, 4*n - 8 = 0. Suppose -m = -u + 1. Let k(z) = -z**2 - 1. Let s be k(u). Give o(s).
1
Let s(l) be the second derivative of -l**5/20 - l**4/6 + l**3/2 - l**2/2 - 11*l. Determine s(-3).
-1
Let y(t) = -2*t**2 - 11*t - 4. Let h(z) = z**2 + 6*z + 2. Let c(r) = r**2 + 8*r + 7. Let q be c(-6). Let m(l) = q*h(l) - 3*y(l). Determine m(-3).
2
Let i = -6 + 10. Let n(u) = 6*u**3 + 3*u + u**2 - 1 + u**3 - i*u + 0*u**2. Calculate n(-1).
-6
Let y(u) be the second derivative of -u**7/420 + u**6/360 + u**5/120 - 5*u**3/3 - 7*u. Let h(t) be the second derivative of y(t). What is h(2)?
-10
Suppose 2*d + 1 - 9 = 0. Suppose 0 = -4*q + 2*q + 6. Let w(s) = -3*s**2 + 0*s**q - 3*s + 5 + 0*s**2 + 7*s**2 - s**3. What is w(d)?
-7
Let s(f) = -f**3 - 6*f**2 - 3*f + 6. Let b(o) = -o**2 - 4*o + 7. Let r(m) = m. Let d be r(-6). Let c be b(d). Give s(c).
-4
Let b(r) = r - 4. Let s = 12 - 5. Let a be b(s). Suppose 0 = -3*m + 3*c, -3*c = -a*m - c. Let h(w) = w - 2. Calculate h(m).
-2
Let w(m) = 5*m - 1. Let b(d) = 9*d - 2 + 2 - 2. Let r(z) = -3*b(z) + 5*w(z). Determine r(-1).
3
Let z(b) = 5*b - 2*b - 3*b + 8 + b. Let f be z(-6). Suppose -a = f*a. Let x(h) = h**3 - h**2 - h - 8. Determine x(a).
-8
Suppose 0 = -4*c - 19 + 3. Let v be -4 - 0/(-2 - c). Let s be ((4 - 2) + -1)*v. Let a(m) = m. What is a(s)?
-4
Let f(c) = -5 - 9*c**2 + 5*c - c + 2*c + c**3. Let p(n) = n**3 - 10*n**2 + 7*n - 5. Let g(h) = -5*f(h) + 4*p(h). Let y = -18 - -23. Determine g(y).
-5
Let h be 2 + -1 + -2*1. Let z(o) be the first derivative of -o**7/105 - o**5/120 - 2*o**3/3 + 2. Let n(t) be the third derivative of z(t). Calculate n(h).
9
Let i(q) be the second derivative of -q**5/20 + q**4/4 + q**3 - 2*q**2 + 65*q. Give i(4).
4
Let f = 25 - 18. Let d = f - 4. Let w(z) = z - 4 - 3*z + d*z. What is w(2)?
-2
Let n(a) be the second derivative of -a**4/12 + a**3/6 + 2*a**2 + 3*a. Suppose 0 = -4*y + 6 + 6. Let b = y - 3. Give n(b).
4
Let l = -49 + 85. Let o be ((-2)/(-4))/((-3)/l). Let c(v) = -v**3 - 6*v**2 + 3. What is c(o)?
3
Suppose l + 8 = 3*p, -p - 4*p + 19 = 4*l. Let r(b) = p + 4*b**2 - 1 - b**3 - 4*b + 0. Let w be 120/54 + 2/(-9). Calculate r(w).
2
Let j = -18 + 18. Let k(z) be the second derivative of -z + 0*z**2 + 0*z**4 + 3/10*z**5 + j + 0*z**3. Give k(-1).
-6
Let a(x) = 4*x**2 + 2*x + 1. Let l be (3/(-2))/(1/(-2)). Suppose 3*u - 17 = 4*v, 2*u - v + 0*v = l. What is a(u)?
3
Let k(v) = 4 - 1 + 2*v - 12*v. Let o(d) = -5*d + 2. Let a(u) = -3*k(u) + 5*o(u). Let y be 6*2/(15 - 3). Calculate a(y).
6
Let u(d) be the first derivative of d**4/2 + d**2 + d - 10. What is u(-1)?
-3
Let h(p) = 9 - 3*p - p + 3*p. Let x be h(7). Suppose -3*z = -x*b - 14, 2*b - 4*z + 17 = -1. Let f(d) = -6*d - 1. Give f(b).
5
Let b = 23 + -16. Let m(l) = 3 - b - 1 + 2 + l. Calculate m(6).
3
Let i = 6 - -4. Let r = -5 + i. Let n(f) = 2*f + 3. Let t(d) = d + 3. Let j(h) = 3*n(h) - 4*t(h). What is j(r)?
7
Let w(g) be the third derivative of g**6/120 + g**4/12 - g**3/2 + g**2. Let t(b) = b - 1. Let j be t(3). Determine w(j).
9
Let v(t) = 19*t - 4*t**2 - 13*t + 5*t**2 + 2. What is v(-3)?
-7
Let s(d) be the first derivative of 4 - 3*d - 1/2*d**2. Give s(0).
-3
Let d(q) = q - 1. Let a(y) = -7*y + 3. Suppose -3 + 0 = 3*f + 3*t, 0 = -f + t - 11. Let h(s) = f*d(s) - a(s). Let v(u) = -u - 1. Let n be v(4). Give h(n).
-2
Let h = 14 + -12. Let n(t) = -5 + 0 + 4 - 2*t + 0 + t**h. Suppose -3*o + d = -4, 4*o - 4*d + 7 = -1. Give n(o).
2
Let g = 19 - -5. Let q be (g/9)/((-4)/(-6)). Suppose -q*i = -22 + 6. Let v(c) = -c**3 + 5*c**2 - c - 5. Calculate v(i).
7
Let b(u) be the second derivative of u**3/6 + 3*u**2 + 19*u. What is b(-7)?
-1
Suppose -3*c - 6 = 5*o - 32, o - 10 = -3*c. Let u(w) = c - w**2 + 2*w**2 - 3*w + 4*w + w**2. Give u(2).
12
Suppose 5*b - 4*b - y = 17, 0 = 4*y - 12. Let z be ((-3)/(-6))/((-2)/b). Let k(m) be the third derivative of m**4/24 + 2*m**3/3 + m**2. What is k(z)?
-1
Let z(v) = v**2 + v - 4. Let l be 25 + -24 - ((-1 - 1) + -1). Suppose 5*p + 5*r + 30 = 0, -5*r - 9 = 2*p + 18. Let h = l + p. Give z(h).
8
Suppose 3*r - 4*r + 1 = 0, -5*t + 12 = 2*r. Let v(b) = -2*b + 2. Determine v(t).
-2
Let t(u) be the first derivative of u - 1 + 2*u**3 - 1/2*u**2. What is t(1)?
6
Suppose -f - 1 = 1. Let b(n) be the second derivative of -n**4/4 - n**3/2 - n**2 - 2*n - 155. What is b(f)?
-8
Let q be (-6)/2 + (-1)/(-1). Let j(b) = b + 2. What is j(q)?
0
Let j(i) = i**2 - 2*i - 1. Suppose -6*k + k - 1 = -4*t, -4*k + t = -8. Calculate j(k).
2
Suppose 2*r - 2*d + 0*d = 14, 9 = -3*d. Let k(a) = 2*a + 0 - 4*a + r*a + 1. Let h(p) = 5*p. Let b be h(-1). Give k(b).
-9
Let p(f) be the second derivative of 2*f - f**2 + 5/6*f**3 + 0. What is p(2)?
8
Let u be 3/2 - (-1)/(-2). Let x be u/(-4)*2*-10. Suppose -3*t - 5*r = -2*t + 1, -2*t + x*r + 13 = 0. Let l(h) = -h. Determine l(t).
-4
Let u = -6 + 5. Let z(k) = -k. Calculate z(u).
1
Let g(n) be the third derivative of n**6/120 + n**5/15 + n**4/6 + n**3/3 - 9*n**2. Calculate g(-2).
2
Let q = 16 - 12. Let y(c) = c**3 - 3*c**2 - 4*c - 1. Give y(q).
-1
Suppose -2*b + 0 = -4*w + 2, -4 = -2*w + 4*b. Suppose 5 = m - w. Let o(f) = 0*f**2 + 3*f**2 - 3*f + 1 - m*f**2. What is o(-3)?
-8
Let v(r) = r**2 + 2 + r**2 + r**3 + 0*r**2 + r**3. Suppose 0 = -4*b - 8. Give v(b).
-6
Let w(k) = -2 + 4334*k + 3*k**2 - k**3 - 4*k**2 - 4333*k. Suppose 5*d + 6